
What are the prime factors of 608923935?
3, 5, 17, 795979
What are the prime factors of 1157202475?
5, 11, 13, 89, 3637
What are the prime factors of 417566380?
2, 5, 7, 11, 23, 11789
What are the prime factors of 278710797?
3, 353, 263183
List the prime factors of 876981515.
5, 2017, 86959
What are the prime factors of 718360232?
2, 257, 349397
List the prime factors of 3248324564.
2, 149, 269, 20261
List the prime factors of 83013330.
2, 3, 5, 2767111
What are the prime factors of 59851442?
2, 7, 43, 2029
What are the prime factors of 51603049?
37, 1051, 1327
What are the prime factors of 519936865?
5, 7, 43, 345473
List the prime factors of 569701486.
2, 284850743
List the prime factors of 64686664.
2, 7, 47, 3511
List the prime factors of 19498964.
2, 751, 6491
What are the prime factors of 4757998?
2, 7, 47, 1033
List the prime factors of 5725934689.
5725934689
List the prime factors of 19448610.
2, 3, 5, 193, 3359
List the prime factors of 236388660.
2, 3, 5, 3939811
List the prime factors of 206999268.
2, 3, 7, 1249, 1973
List the prime factors of 102132929.
89, 1147561
List the prime factors of 773008197.
3, 13, 1181, 1291
List the prime factors of 144193496.
2, 53, 340079
What are the prime factors of 51189818?
2, 25594909
List the prime factors of 172943292.
2, 3, 14411941
What are the prime factors of 355109918?
2, 4513, 39343
What are the prime factors of 31355483?
761, 41203
What are the prime factors of 372518322?
2, 3, 11, 5644217
What are the prime factors of 3565535830?
2, 5, 8641, 41263
What are the prime factors of 1787407385?
5, 151, 2367427
What are the prime factors of 45098860?
2, 5, 23, 98041
List the prime factors of 1317504249.
3, 29, 167, 181
What are the prime factors of 8232500662?
2, 757, 5437583
List the prime factors of 191769756.
2, 3, 503, 31771
What are the prime factors of 34932459?
3, 53, 83, 2647
List the prime factors of 3559424267.
7, 233, 1129, 1933
List the prime factors of 4003017.
3, 1334339
List the prime factors of 84115208.
2, 37, 284173
List the prime factors of 1890001896.
2, 3, 19, 4144741
List the prime factors of 4106891211.
3, 19, 83, 868081
List the prime factors of 3145592.
2, 37, 10627
List the prime factors of 18739090.
2, 5, 523, 3583
List the prime factors of 70343855.
5, 14068771
List the prime factors of 348737118.
2, 3, 58122853
What are the prime factors of 13288412?
2, 89, 163, 229
List the prime factors of 181040726.
2, 90520363
List the prime factors of 387513698.
2, 11, 13, 1354943
What are the prime factors of 68720771?
7, 9817253
What are the prime factors of 468007967?
7, 53, 180211
What are the prime factors of 63108819?
3, 59, 157, 757
List the prime factors of 1787059212.
2, 3, 19, 2687, 2917
What are the prime factors of 502249075?
5, 20089963
List the prime factors of 4384353098.
2, 2192176549
What are the prime factors of 3823660857?
3, 1274553619
List the prime factors of 1800701249.
8191, 219839
What are the prime factors of 489650680?
2, 5, 23, 167, 3187
List the prime factors of 4768529711.
11, 29, 109, 4729
List the prime factors of 72076901.
13, 43, 128939
What are the prime factors of 3033600951?
3, 1011200317
What are the prime factors of 46215501?
3, 15405167
List the prime factors of 398925876.
2, 3, 17, 937, 2087
List the prime factors of 1023748545.
3, 5, 587, 116269
List the prime factors of 4740691.
23, 53, 3889
List the prime factors of 157219820.
2, 5, 7860991
List the prime factors of 166639858.
2, 7, 11, 29, 37313
List the prime factors of 52893359.
19, 146519
What are the prime factors of 1475016635?
5, 449, 659, 997
What are the prime factors of 2280771703?
7, 241, 677, 1997
What are the prime factors of 50297893?
569, 88397
List the prime factors of 52077557.
7, 7439651
List the prime factors of 178544148.
2, 3, 59, 252181
What are the prime factors of 51735378?
2, 3, 8622563
What are the prime factors of 30449254?
2, 11, 31, 44647
List the prime factors of 416393574.
2, 3, 69398929
What are the prime factors of 1609209854?
2, 7, 4201, 27361
List the prime factors of 361736414.
2, 13, 13912939
List the prime factors of 59043445.
5, 11808689
List the prime factors of 393482130.
2, 3, 5, 859, 15269
What are the prime factors of 55434216?
2, 3, 2309759
List the prime factors of 127453133.
41, 3108613
What are the prime factors of 4900121114?
2, 7, 2833, 123547
What are the prime factors of 59421947?
13, 31, 147449
List the prime factors of 734385469.
23, 31929803
What are the prime factors of 11981436?
2, 3, 23, 43411
What are the prime factors of 4009050150?
2, 3, 5, 7, 545449
List the prime factors of 805044371.
733, 1098287
List the prime factors of 11790791.
29, 406579
List the prime factors of 94439549.
277, 340937
What are the prime factors of 398410697?
398410697
What are the prime factors of 8545755?
3, 5, 569717
What are the prime factors of 1999840750?
2, 5, 37, 149, 1451
List the prime factors of 536399934.
2, 3, 7, 743, 17189
List the prime factors of 4549242117.
3, 7, 563, 384779
List the prime factors of 1201542155.
5, 11, 67, 326063
List the prime factors of 1312941375.
3, 5, 1167059
What are the prime factors of 626992927?
11, 56999357
What are the prime factors of 171187018?
2, 85593509
List the prime factors of 2495044408.
2, 83, 257, 14621
List the prime factors of 112758119.
29, 67, 131, 443
List the prime factors of 2282979764.
2, 13, 3377189
List the prime factors of 118931242.
2, 41, 569, 2549
List the prime factors of 7141321.
11, 19, 47, 727
What are the prime factors of 141454093?
11, 17, 59, 12821
What are the prime factors of 3628960736?
2, 113405023
What are the prime factors of 293245507?
7703, 38069
What are the prime factors of 145356065?
5, 163, 178351
List the prime factors of 27459162.
2, 3, 169501
List the prime factors of 467819188.
2, 43, 1471
List the prime factors of 610018290.
2, 3, 5, 7, 271, 397
What are the prime factors of 240869373?
3, 80289791
List the prime factors of 51822234.
2, 3, 19, 53, 953
List the prime factors of 167365355.
5, 47, 593, 1201
List the prime factors of 568097042.
2, 284048521
List the prime factors of 43642419.
3, 29, 501637
What are the prime factors of 456429503?
23, 163, 211, 577
List the prime factors of 313250310.
2, 3, 5, 643, 5413
List the prime factors of 336468698.
2, 53, 653, 4861
What are the prime factors of 791503916?
2, 7, 431, 65587
What are the prime factors of 85112573?
7, 13, 935303
What are the prime factors of 580842923?
580842923
List the prime factors of 340368055.
5, 3079, 22109
What are the prime factors of 1673447777?
23, 71, 569, 1801
List the prime factors of 1455684335.
5, 7, 19, 97, 22567
List the prime factors of 21210396.
2, 3, 107, 16519
What are the prime factors of 1807306419?
3, 29, 20773637
What are the prime factors of 5414676111?
3, 13, 41, 1128763
What are the prime factors of 30342398?
2, 15171199
List the prime factors of 1943667065.
5, 157, 2476009
List the prime factors of 30488234.
2, 7, 211, 10321
What are the prime factors of 130223295?
3, 5, 137, 2347
What are the prime factors of 1188880270?
2, 5, 1619, 73433
List the prime factors of 98670897.
3, 13, 23, 37, 991
What are the prime factors of 719844670?
2, 5, 29, 383, 6481
What are the prime factors of 1109771087?
1433, 774439
What are the prime factors of 139845131?
139845131
List the prime factors of 981194615.
5, 79, 2484037
List the prime factors of 1040863796.
2, 7, 37173707
What are the prime factors of 170925683?
170925683
What are the prime factors of 255803403?
3, 17, 19, 29, 9103
What are the prime factors of 657238468?
2, 103, 1595239
What are the prime factors of 2377733420?
2, 5, 307, 387253
What are the prime factors of 292219812?
2, 3, 71, 12703
What are the prime factors of 3720890272?
2, 11, 109, 96979
What are the prime factors of 70789960?
2, 5, 1769749
List the prime factors of 66675997.
19, 3509263
List the prime factors of 367288283.
367288283
List the prime factors of 643743561.
3, 163, 293, 4493
What are the prime factors of 486294536?
2, 7, 13, 667987
List the prime factors of 8262658961.
569, 1873, 7753
What are the prime factors of 6209363152?
2, 17, 22828541
List the prime factors of 3997064.
2, 499633
List the prime factors of 50101094.
2, 25050547
Wh